 is o(-11)?
5
Let z(h) = 2*h**2 - 5*h + 4. Give z(2).
2
Let o(q) = -2*q**2 + 8*q - 54. Calculate o(8).
-118
Let r(d) = -d**3 + 4*d**2 + 2*d + 5. What is r(5)?
-10
Let o(t) = -t**3 + 9*t**2 + t - 2. What is o(9)?
7
Let v(y) = -16*y + 149. What is v(10)?
-11
Let n(g) = g**2 - 12*g. Determine n(13).
13
Let i(y) = -50*y + 960. Determine i(19).
10
Let c(u) = -8*u**2 + 51*u + 27. Determine c(7).
-8
Let j(r) = -3*r + 52. What is j(18)?
-2
Let t(s) = 12*s**2 - 5*s - 4. What is t(-1)?
13
Let n(d) = d**2 - 16*d - 11. Determine n(17).
6
Let j(t) = 2*t - 10. Calculate j(7).
4
Let o(g) = -5*g + 6. What is o(3)?
-9
Let n(x) = x**3 + 12*x**2 - 29*x + 9. What is n(-14)?
23
Let n(z) = 3*z**2 - 4. Give n(2).
8
Let l(q) = -3*q + 22. Give l(-8).
46
Let k(t) = -t**2 - 8*t - 9. Give k(-10).
-29
Let r(n) = -n**2 - 14*n - 68. What is r(-9)?
-23
Let r(g) = -g**2 + 15*g - 2. What is r(16)?
-18
Let q(r) = -4*r - 36. What is q(-11)?
8
Let w(s) = 45*s - 677. Give w(15).
-2
Let h(b) = -3*b**3 + 3*b**2 + 3*b - 2. Calculate h(-2).
28
Let c(h) = 62*h - 22. What is c(1)?
40
Let y(d) = -d**2 + 23*d + 29. Determine y(24).
5
Let a(s) = s**3 - 11*s**2 - 10*s - 16. Determine a(12).
8
Let w(d) = -2*d**2 + 9*d - 12. Determine w(7).
-47
Let t(p) = 2*p**2 + 2*p - 22. Calculate t(4).
18
Let p(g) = -g**3 - 23*g**2 + 24*g + 1. Calculate p(-24).
1
Let k(j) = -4*j + 47. Give k(7).
19
Let m(a) = a**3 - a**2 - 3*a - 3. What is m(-2)?
-9
Let w(q) = -q**3 + 10*q**2 - 11*q - 7. Calculate w(9).
-25
Let p(a) = -a**3 + a**2 + 3*a - 2. What is p(2)?
0
Let o(f) = f**3 + 2*f**2 - 3*f - 1. Determine o(-3).
-1
Let r(m) = 4*m - 10. What is r(5)?
10
Let p(a) = a - 5. Calculate p(-22).
-27
Let g(x) = -2*x**2 + 13*x - 27. What is g(3)?
-6
Let m(b) = 3*b - 19. What is m(6)?
-1
Let m(u) = -3*u + 12. Determine m(5).
-3
Let q(v) = 40*v - 31. What is q(1)?
9
Let g(q) = 11*q - 121. Calculate g(11).
0
Let p(m) = 21*m - 27. Calculate p(2).
15
Let b(c) = -c**3 + 5*c**2 + 19*c + 36. Calculate b(8).
-4
Let m(u) = -u**3 + 24*u**2 - 23*u - 10. Determine m(23).
-10
Let f(v) = 2*v + 53. What is f(-22)?
9
Let l(b) = -2*b**2 + 48*b + 53. Calculate l(25).
3
Let z(g) = g**3 - 23*g**2 + g - 40. Give z(23).
-17
Let l(t) = -5*t + 4. Give l(-7).
39
Let u(f) = f**3 + 6*f**2 - 8*f. Give u(-7).
7
Let r(a) = -a**2 + 13*a + 4. What is r(-2)?
-26
Let r(n) = n**3 + 8*n**2 - 16*n - 63. Calculate r(-9).
0
Let n(p) = 2*p - 9. Give n(7).
5
Let g(d) = d**3 + 19*d**2 - 7. What is g(-19)?
-7
Let y(l) = l**3 + 6*l**2 + 9*l + 2. Calculate y(-1).
-2
Let a(j) = j**2 - 32*j + 46. Give a(30).
-14
Let q(p) = -7*p - 40. What is q(-16)?
72
Let k(j) = 2*j + 10. Give k(10).
30
Let z(w) = -6*w**3 - w + 2. Give z(2).
-48
Let a(r) = r**3 + 12*r**2 + 7. Determine a(-12).
7
Let i(h) = 3*h - 1. Give i(5).
14
Let d(y) = -y**3 - 8*y**2 - 8*y + 4. Calculate d(-7).
11
Let y(n) = -n**3 - 19*n**2 - 17*n - 4. What is y(-18)?
-22
Let l(i) = -9*i + 45. What is l(5)?
0
Let f(v) = 2*v**3 - v**2 - 2*v - 2. Give f(3).
37
Let d(r) = -r**3 - 20*r**2 - 63*r + 9. What is d(-16)?
-7
Let k(y) = y**2 + 13*y + 50. Calculate k(-6).
8
Let o(j) = 5*j**2 - 2*j - 53. Determine o(4).
19
Let c(v) = v**3 + 13*v**2 + 13*v + 11. Calculate c(-12).
-1
Let q(y) = -22*y + 1062. Calculate q(48).
6
Let v(r) = r**3 + 2*r**2 + r - 7. Calculate v(-3).
-19
Let k(f) = f**2 + f + 3. Calculate k(-6).
33
Let l(b) = b**3 + 9*b**2 + 4*b - 10. Calculate l(-7).
60
Let i(a) = -3*a + 21. What is i(7)?
0
Let w(h) = -3*h**3 - 2*h**2 + 2*h. Calculate w(-3).
57
Let c(h) = -2*h**3 - 17*h**2 + 10*h - 3. What is c(-9)?
-12
Let t(o) = o**2 - 5*o - 30. Calculate t(-5).
20
Let v(y) = -5*y + 6. What is v(3)?
-9
Let f(z) = 2*z - 109. Calculate f(32).
-45
Let r(y) = -y**2 - 6*y - 12. Give r(-4).
-4
Let i(f) = f**3 - 16*f**2 - 37*f + 19. Determine i(18).
1
Let h(f) = -27*f + 271. Determine h(10).
1
Let b(p) = 19*p**3 - 2*p - 3. What is b(-1)?
-20
Let n(y) = -y**3 + 18*y**2 - y + 25. What is n(18)?
7
Let i(z) = 9*z**3 - 2*z**2 + 1. Calculate i(-1).
-10
Let h(u) = -3*u**3 - 7*u**2 - 15*u - 1. Calculate h(-4).
139
Let o(w) = -30*w**2 + 7*w - 8. Calculate o(2).
-114
Let i(f) = f**3 + 5*f**2 - 6*f + 1. Give i(-6).
1
Let x(f) = f**3 + 3*f**2 + 4*f + 4. What is x(-3)?
-8
Let p(j) = -j**3 - 12*j**2 + 19*j - 129. Calculate p(-14).
-3
Let y(o) = o - 50. Determine y(48).
-2
Let m(d) = -d - 14. Calculate m(-9).
-5
Let r(c) = -c**2 + 14*c - 50. Determine r(5).
-5
Let b(l) = l**3 + 21*l**2 + 21*l + 11. Determine b(-20).
-9
Let l(b) = 2*b**3 - 11*b**2 + 8*b + 6. Determine l(5).
21
Let c(j) = 2*j**3 - 20*j**2 + 2*j - 17. What is c(10)?
3
Let g(l) = -7*l + 244. What is g(34)?
6
Let v(t) = 3*t - 6. Give v(12).
30
Let z(j) = -j**2 - 2*j - 10. Calculate z(6).
-58
Let p(m) = -2*m**2 - 96*m - 269. Calculate p(-45).
1
Let m(o) = o**2 + 26*o + 53. What is m(-24)?
5
Let b(a) = a**3 - 9*a**2 - 4*a + 7. Give b(9).
-29
Let r(c) = 15*c - 47. Give r(3).
-2
Let o(w) = -70*w**2 + 2. Determine o(-1).
-68
Let m(v) = v**2 - 24*v - 74. Determine m(-3).
7
Let g(o) = -4*o**2 + 3*o + 2. Determine g(-3).
-43
Let j(p) = -15*p + 47. Calculate j(10).
-103
Let r(q) = -q**2 + 7*q + 35. Determine r(11).
-9
Let n(l) = -l**3 + 4*l**2 - 2*l + 5. What is n(2)?
9
Let o(m) = -m**2 - 4*m - 2. What is o(-4)?
-2
Let b(l) = 3*l**3 - 19*l**2 + 3*l + 5. Calculate b(6).
-13
Let j(r) = 3*r**3 - 2*r**2 - 2*r + 1. Determine j(1).
0
Let w(m) = m**3 - 2*m - 2. Give w(-2).
-6
Let i(z) = z**2 - 10*z + 2. What is i(9)?
-7
Let y(p) = 4*p**2 - 4*p - 1. What is y(-3)?
47
Let q(c) = 12*c + 12. What is q(-9)?
-96
Let x(f) = -f**3 + 16*f**2 + f - 12. What is x(16)?
4
Let x(u) = -8*u + 171. Calculate x(23).
-13
Let m(o) = 2*o**3 + o**2 + 2*o + 7. Calculate m(-3).
-44
Let s(r) = -r**2 - 13*r + 74. Calculate s(-17).
6
Let p(y) = -y**3 - 5*y**2 + 25*y + 16. Give p(-8).
8
Let a(r) = r**3 - 7*r**2 + 4*r + 4. What is a(4)?
-28
Let n(y) = -y + 71. What is n(38)?
33
Let j(m) = m**3 - 6*m**2 - 3*m - 3. Give j(5).
-43
Let f(n) = -n - 4. Calculate f(-6).
2
Let c(g) = -g**2 + 22*g - 54. Determine c(3).
3
Let j(i) = -55*i - 1. Calculate j(-1).
54
Let d(h) = -h**3 - 5*h**2 + 23*h + 1. What is d(-8)?
9
Let t(o) = o**3 - 7*o**2 + 3*o - 3. What is t(6)?
-21
Let j(x) = 6*x**3 + 284*x + 283. Give j(-1).
-7
Let z(a) = a**3 - 12*a**2 + 13*a + 5. Determine z(11).
27
Let g(v) = 3*v**3 + v**2 - 2*v + 1. Give g(1).
3
Let y(z) = -z**3 + 13*z**2 - 30*z + 6. Calculate y(10).
6
Let c(d) = d**3 + 11*d**2 + 13*d - 10. Give c(-9).
35
Let m(y) = y**2 + 3*y - 1. Calculate m(-9).
53
Let j(q) = -q**2 - 16*q - 23. Give j(-14).
5
Let g(r) = -57*r + 390. Give g(7).
-9
Let x(w) = w**3 - 12*w**2 - 15*w + 24. Give x(13).
-2
Let j(m) = 74*m - 17. What is j(2)?
131
Let r(v) = -v**2 - 8*v + 15. Give r(-8).
15
Let k(v) = -v**3 + 11*v**2 - 6*v - 6. Give k(9).
102
Let v(r) = -2*r**2 - 31*r + 67. Give v(-18).
-23
Let o(y) = 23*y**2. What is o(1)?
23
Let z(s) = 7*s**2 - 25*s + 4. What is z(4)?
16
Let k(a) = 2*a - 4. What is k(-3)?
-10
Let v(t) = -4*t**2 + 2*t - 1. What is v(3)?
-31
Let w(m) = -m**3 + 12*m**2 - 3*m + 6. Give w(12).
-30
Let f(s) = -s**3 - 10*s**2 - 11*s - 12. Give f(-9).
6
Let o(y) = -4*y**2 - 12*y + 70. Determine o(-6).
-2
Let c(x) = x**3 + 7*x**2 + x - 7. Give c(-6).
23
Let v(d) = -117*d**3 + d**2 - 1. Determine v(1).
-117
Let h(w) = w**2 + 3*w - 10. What is h(5)?
30
Let j(z) = -2*z + 22. Give j(5).
12
Let d(p) = -p**2 + 20*p - 105. What is d(11)?
-6
Let v(k) = 7*k**2 + k - 1. What is v(1)?
7
Let k(r) = -6*r + 3. Calculate k(8).
-45
Let j(q) = 2*q + 31. Determine j(6).
43
Let y(g) = -g**2 + 7*g + 3. Determine y(7).
3
Let b(i) = i**3 - 4*i**2 + 3*i + 2. Calculate b(4).
14
Let h(c) = -9*c - 1. What is h(-5)?
44
Let b(t) = -2*t**2 - 13. Give b(-4).
-45
Let h(k) = -k**3 - 8*k**2 - k - 5. What is h(-8)?
3
Let d(t) = -t**2 - 9*t + 6. Calculate d(-7).
20
Let v(f) = -f**3 - 5*f**2 - 6*f + 1. Determine v(-3).
1
Let h(g) = -g**3 + 8*g**2 + 9*g + 2. Determine h(10).
-108
Let a(v) = -83*v + 342. What is a(4)?
10
Let a(n) = n**2 - 16*n - 17. Determine a(17).
0
Let b(x) = 3*x + 13. What is b(21)?
76
Let f(o) = -5*o - 2. What is f(-8)?
38
Let j(m) = -8*m**2. Determine j(-1).
-8
Let y(z) = 2*z - 4. What is y(7)?
10
Let t(a) = 8*a + 16. What is t(-3)?
-8
Let x(q) = 4*q - 17. Determine x(-6).
-41
Let m(r) = 45*r - 18. Calculate m(-1).
-63
Le